t r(g) = -3*g + 1. What are the prime factors of r(n)?
2, 11
Suppose 2 = -g - j, 5*g + 0*j + 2*j = -7. Let v = 2 + g. List the prime factors of (v/2)/(1/6).
3
Suppose 0 = -d - d. Let k be d*(-3)/(-12)*2. Suppose n + k = 3. List the prime factors of n.
3
What are the prime factors of ((-33)/(-2))/((-12)/(-32))?
2, 11
Suppose -1 = -t + 4. Suppose -4*j = -4*k + 112 - 424, k + 5 = 0. Suppose 23 = -t*v + j. What are the prime factors of v?
2, 5
Let j(c) be the second derivative of -3*c**5/20 + c**4/12 + c**3/6 + 3*c. Let g be j(-1). Suppose -g*p = -4*p + 2. What are the prime factors of p?
2
Suppose -z + 3*z - 190 = -4*k, -100 = -2*k + 4*z. What are the prime factors of 15/(-2)*k/(-40)?
3
Let n = 36 + -22. Suppose -112 = -5*a - 4*o, -a + o + n = -o. Let c = -10 + a. What are the prime factors of c?
2, 5
Let s = -5 + 5. Suppose -4*q + s*q = 0. List the prime factors of 9 + -2 + q - -1.
2
Suppose -v - 5*x - 10 = -50, -v - 4*x + 39 = 0. Let n = v - 7. Let s = n + -6. What are the prime factors of s?
2, 11
Suppose 0 = 8*r - 9*r + 79. What are the prime factors of r?
79
Let c(n) = -n**2 - 11*n + 3. Let b be 4*(9/(-6) - 0). Let u be c(b). Suppose -u + 1 = -4*j. List the prime factors of j.
2
Suppose 138 = 3*z - 123. Suppose 4*l = 3*u + z, -50 + 7 = -2*l + u. List the prime factors of l.
3, 7
Let y(p) = -p**3 - p**2 - 3*p - 4. Let x be y(-3). Let q be 5/(-15) + (-70)/6. Let f = x + q. What are the prime factors of f?
11
Let w be 15*((-8)/(-6))/4. Suppose -3*s - w + 29 = 0. What are the prime factors of s?
2
Suppose 5*d = -130 + 40. Let m = d - -33. List the prime factors of m.
3, 5
Let d be 2/((-1)/(13/(-2))). Let i = d - -1. What are the prime factors of i?
2, 7
Let o(y) = -4*y + 4. Let c(z) = -z. Let w(g) = -2*c(g) - o(g). List the prime factors of w(4).
2, 5
Let g = 334 + -144. List the prime factors of g.
2, 5, 19
Suppose -4*f + 6*r = r - 224, 2*f = -r + 98. What are the prime factors of f?
3, 17
Let b(j) = 11*j**2 + 9*j - 17. List the prime factors of b(-5).
3, 71
Suppose -9*j + 40 = -5*j. List the prime factors of j.
2, 5
Suppose g - 20 = -3*l, 2*g - 20 = g + 4*l. Suppose g = k + k. Let j = k - 6. List the prime factors of j.
2
Suppose -y + 6*y = 20. List the prime factors of y.
2
Let c = -149 - -210. Let h = -12 + 4. What are the prime factors of h/(-28) - c/(-7)?
3
Let b(l) = -6*l + 2. What are the prime factors of b(-7)?
2, 11
Let d(f) = -f**2 + 3*f + 40. What are the prime factors of d(0)?
2, 5
What are the prime factors of (-58)/(4 - 6) + 0?
29
Let q(d) = d**3 - 5*d**2 - 10*d + 4. Let o be q(7). Suppose o = 5*u - u. List the prime factors of u.
2
Suppose 4*g = -2*w - g - 6, -4 = 2*g. Let m be 2 + (-2 - (-4)/w). Suppose 60 = 5*d - m*d. List the prime factors of d.
2, 5
Let d(m) = 5*m - 17. List the prime factors of d(23).
2, 7
Let s(i) = i**3 - 11*i**2 + 12*i + 34. What are the prime factors of s(11)?
2, 83
Suppose -80 = -5*m + m. Suppose 2*j = -3*j + m. What are the prime factors of j?
2
Let k(o) = -o**3 - 2*o**2 + 5*o + 3. Let m be k(-4). Let v = m + -11. List the prime factors of v.
2
Let v = 360 + -251. Suppose 39 = z + y, 5*y - 18 - v = -3*z. What are the prime factors of z?
2, 17
Let a(m) = 5*m**2 + m + 10. What are the prime factors of a(-8)?
2, 7, 23
Let x(d) = 22*d**2 - 1. List the prime factors of x(1).
3, 7
Let k(i) = -i + 20. Let m be k(14). Suppose -g - m = -3*g. What are the prime factors of g?
3
Suppose 5*g - 2 - 3 = 0. Let y = g - -12. List the prime factors of y.
13
Let k = 0 + -7. Let t be (18/21)/((-1)/k). Suppose -4*c + t = 3*u - 7*c, -2*c + 31 = 3*u. List the prime factors of u.
7
Let f be (-2)/(-4) - 54/(-4). Suppose 59 - f = 3*p. List the prime factors of p.
3, 5
Let k = 168 + -87. What are the prime factors of k?
3
Let d = 0 - 0. Let a = 22 - d. List the prime factors of a.
2, 11
Let p = 20 - 14. Let h(k) = -k**2 + 7*k + 3. What are the prime factors of h(p)?
3
Suppose 4*n - 140 = -5*d, 3*d + 5 = 17. What are the prime factors of n?
2, 3, 5
Let z be ((-20)/(-12) + -1)*3. What are the prime factors of (z/2 - 2)*-28?
2, 7
Suppose -2*w - 916 = -6*w. What are the prime factors of w?
229
Let d be (4/(-3))/((-2)/(-6)). Let v be (d/(-10))/((-1)/5). Let t = 11 - v. What are the prime factors of t?
13
Let b(l) = 3*l**3 - 4*l + 3. List the prime factors of b(2).
19
Let i = 6 + -7. Let v = i + 8. What are the prime factors of v?
7
Let x(k) = k**3 - 7*k**2 - k + 1. Let b(g) = -g**3 + 8*g**2 + g - 1. Let q(f) = 6*b(f) + 7*x(f). What are the prime factors of q(3)?
2
List the prime factors of (-6)/(-8) - ((-932)/16 - -1).
2, 29
What are the prime factors of 2/(-9) - (-11330)/198?
3, 19
Let m(d) = -40*d - 44. Let v(n) = n + 1. Let g(x) = 2*m(x) + 88*v(x). Let c be g(4). Suppose 2*a - c = -0*a + 3*q, 3*q + 19 = a. List the prime factors of a.
13
Let b = 21 - -32. What are the prime factors of b?
53
Suppose -2*k + 39 = k. Suppose -k = w - 4*j, w + w = -2*j + 24. List the prime factors of w.
7
Suppose 4*b + 12 = 3*t, -t - 9 = 2*t + 3*b. Suppose t = -5*q + 2*q + 15. Suppose -5*a + 1 = 4*v - 5, q*v = a - 7. What are the prime factors of a?
2
Let k = 50 - 16. List the prime factors of k.
2, 17
Suppose -q = 3*q. Suppose -j = -q*j - 18. List the prime factors of j.
2, 3
Let v(g) be the third derivative of -g**4/3 - g**3/3 - 8*g**2. List the prime factors of v(-3).
2, 11
Suppose 2*w + 2*w = 0. What are the prime factors of 15 - (w - -2 - 1)?
2, 7
Suppose 340 = 9*r - 218. List the prime factors of r.
2, 31
Let b be 3/(-4) - 2/8. Let i = -3 - 0. Let m = b - i. List the prime factors of m.
2
Suppose 502 = 5*l - 53. List the prime factors of l.
3, 37
Let l(m) = 2*m**3 + 2*m**2 - 2*m - 2. Let u be l(-2). Let x = u - -10. List the prime factors of x.
2
Let v = 43 + -26. List the prime factors of v.
17
Suppose 5*t + 2*b - b - 804 = 0, b = 5*t - 806. List the prime factors of t.
7, 23
Suppose 33 = 6*g - 9*g. Let d = g - -20. List the prime factors of d.
3
List the prime factors of (-2109)/(-12) - 4/(-16).
2, 11
Let r(p) = -5*p - 14. Let s = 4 - 8. What are the prime factors of r(s)?
2, 3
Let r(j) = -106*j**3 - 2*j - 2. What are the prime factors of r(-1)?
2, 53
Let r(w) be the third derivative of 7/24*w**4 + 0*w - 1/120*w**6 + 0 + 1/15*w**5 - 2*w**2 + 0*w**3. List the prime factors of r(5).
2, 5
List the prime factors of 9/2*(-4)/(-6).
3
Suppose 2*u + 3*u - 4*m = 18, -3*u + m = -8. Suppose -u*z - 2*w = z + 4, 2*z + 12 = w. What are the prime factors of 189/28 + (-1)/z?
7
Let s(k) = -k**2 - 17*k + 15. List the prime factors of s(-12).
3, 5
Let i = 47 + -17. List the prime factors of i.
2, 3, 5
Let c(h) = -h + 16. What are the prime factors of c(-7)?
23
Suppose -3*f + 0*f + 69 = 3*p, 3*p + 115 = 5*f. List the prime factors of f.
23
Let v be (-2)/(2/(-4) + 0). Suppose 4*u + u - v*l = 35, -5*u - 3*l = 0. List the prime factors of u.
3
Let r(k) = -11*k + 7. List the prime factors of r(-4).
3, 17
Let c = 8 - 6. Suppose d = 2*o - 41, 5*d = -c*o - 3*o + 95. What are the prime factors of o?
2, 5
Let x be (-3 - -4) + (-1 - 4). What are the prime factors of (-3 - x)*4 + 6?
2, 5
Let n(u) = u**2 + 3*u + 1. Let j be 3*1/(3/(-8)). Let a = 4 + j. What are the prime factors of n(a)?
5
Let h be (-9)/(-3) - (-5 + 4). What are the prime factors of h/22 + 3680/88?
2, 3, 7
Suppose -3*n + 1 + 11 = 0. Suppose -2*j + 5*g - 2*g - 2 = 0, 2 = n*j - 3*g. Suppose j*o - 6 = -o. What are the prime factors of o?
2
Let h be (-33)/(-6) + 1/(-2). Suppose w + 3*w = -5*v + 53, -4*v = -h*w + 97. List the prime factors of w.
17
Let q(b) be the first derivative of b**4/4 - 8*b**3/3 + 9*b**2/2 - 9*b + 1. Let n = -5 - -12. List the prime factors of q(n).
5
Let c(z) = -z**3 + 12*z**2 - 13*z + 3. What are the prime factors of c(9)?
3, 43
Let r(u) = u**3 - 5*u**2 - 4*u + 5. Let q be r(7). Suppose -7*g + q = -3*v - 3*g, 2*v = 4*g - 54. Let d = -12 - v. List the prime factors of d.
3
Let g = 2 - -1. Let u be 3/(3/(9/g)). Suppose -3*f + 36 = u*s, 3*s + 2*f - 15 - 19 = 0. What are the prime factors of s?
2, 5
Let d = -34 + 121. List the prime factors of d.
3, 29
Let q be (-2)/((-6)/255) + 3. Let n = q - 53. What are the prime factors of n?
5, 7
Let y be (36/(-15))/(2/(-5)). Let f(i) = -i**2 + 9*i - 5. What are the prime factors of f(y)?
13
Let o(p) = 2*p**2 - 8*p - 4. What are the prime factors of 